{"id":1138,"date":"2017-03-20T18:20:49","date_gmt":"2017-03-20T17:20:49","guid":{"rendered":"https:\/\/schwarzedameosterfeld.de\/?page_id=1138"},"modified":"2020-02-23T16:59:25","modified_gmt":"2020-02-23T15:59:25","slug":"jugendvereinsmeisterschaft-2017","status":"publish","type":"page","link":"https:\/\/schwarzedameosterfeld.de\/?page_id=1138","title":{"rendered":"<span style=\"color: #f9e422;\">Jugendvereinsmeisterschaft 2017\/18<\/span>"},"content":{"rendered":"<p>Ausschreibung: Start am 17. 03 .2017, vollrundig. Ergo jeder gegen jeden. Zeit Modus: 30 Minuten pro Spieler!<\/p>\n<p>Anmeldungen bis zum 10. 03. 2017!<\/p>\n<p>Turnierleitung: Bruno Fiori<\/p>\n<hr>\n<p>Rouven Brans f\u00fchrt auch in der Jugendvereinsmeisterschaft 2017<\/p>\n<p>Die Jugendvereinsmeisterschaft 2017 der Schwarzen Dame Osterfeld f\u00fchrt nach 7 Runden Rouven Brans mit bisherigen 6 Siegen und einem Remis. K\u00f6nnte das junge Talent der Schwarzen Dame , gerade mal neun Lenze alt, bei den Osterfeldern das Double schaffen? Durchaus, denn er f\u00fchrt beide Jugendmeisterschaften, sowohl im Turnier-, als auch im Blitzschach, souver\u00e4n an. Den 2. Platz belegt momentan Leon Peters mit 5 Siegen und einem Remis, bei einem Ausrutscher von Rouven k\u00f6nnte er gleichziehen. Mit Ahmet Kozak, Yusuf Polat und Halil Kozak belegen gleich 3 Akteure den 3. Platz mit jeweils 4 Punkten. Knapp gefolgt von Liam Marc Mehler und Faruk Ayar mt 3 1\/2 Punkten. Auf den weiteren Pl\u00e4tzen folgen Jayden H\u00f6hn (2 1\/2), Florian Peters (2) und Nico H\u00f6hn (1 1\/2).<\/p>\n<table style=\"width: 229px; height: 378px;\">\n<tbody>\n<tr style=\"height: 24px;\">\n<td style=\"width: 56.25px; height: 24px;\">Leon Peters<\/td>\n<td style=\"width: 42.19px; height: 24px; text-align: center;\">x<\/td>\n<td style=\"width: 43.3px; height: 24px; text-align: center;\">&nbsp;1<\/td>\n<td style=\"width: 42.82px; height: 24px; text-align: center;\">&nbsp;1<\/td>\n<td style=\"width: 43.42px; height: 24px; text-align: center;\">&nbsp;0<\/td>\n<td style=\"width: 42.3px; height: 24px; text-align: center;\">&nbsp;1<\/td>\n<td style=\"width: 44.4px; height: 24px; text-align: center;\">0,5<\/td>\n<td style=\"width: 42.82px; height: 24px; text-align: center;\">&nbsp;1<\/td>\n<td style=\"width: 44.08px; height: 24px; text-align: center;\">1<\/td>\n<td style=\"width: 26.44px; height: 24px; text-align: center;\">&nbsp;1<\/td>\n<td style=\"width: 13.68px; height: 24px;\">&nbsp;1<\/td>\n<\/tr>\n<tr style=\"height: 24px;\">\n<td style=\"width: 56.25px; height: 24px;\">Nico H\u00f6hn<\/td>\n<td style=\"width: 42.19px; height: 24px; text-align: center;\">&nbsp;0<\/td>\n<td style=\"width: 43.3px; height: 24px; text-align: center;\">x<\/td>\n<td style=\"width: 42.82px; height: 24px; text-align: center;\">&nbsp;1<\/td>\n<td style=\"width: 43.42px; height: 24px; text-align: center;\">&nbsp;0<\/td>\n<td style=\"width: 42.3px; height: 24px; text-align: center;\">&nbsp;0,5<\/td>\n<td style=\"width: 44.4px; height: 24px; text-align: center;\">&nbsp;0<\/td>\n<td style=\"width: 42.82px; height: 24px; text-align: center;\">&nbsp;0<\/td>\n<td style=\"width: 44.08px; height: 24px; text-align: center;\">&nbsp;0<\/td>\n<td style=\"width: 26.44px; height: 24px; text-align: center;\">&nbsp;0<\/td>\n<td style=\"width: 13.68px; height: 24px; text-align: center;\">&nbsp;0<\/td>\n<\/tr>\n<tr style=\"height: 24px;\">\n<td style=\"width: 56.25px; height: 24px;\">Florian Peters<\/td>\n<td style=\"width: 42.19px; height: 24px; text-align: center;\">&nbsp;0<\/td>\n<td style=\"width: 43.3px; height: 24px; text-align: center;\">&nbsp;0<\/td>\n<td style=\"width: 42.82px; height: 24px; text-align: center;\">x<\/td>\n<td style=\"width: 43.42px; height: 24px; text-align: center;\">&nbsp;0<\/td>\n<td style=\"width: 42.3px; height: 24px; text-align: center;\">&nbsp;0<\/td>\n<td style=\"width: 44.4px; height: 24px; text-align: center;\">&nbsp;1<\/td>\n<td style=\"width: 42.82px; height: 24px; text-align: center;\">&nbsp;0<\/td>\n<td style=\"width: 44.08px; height: 24px; text-align: center;\">&nbsp;0<\/td>\n<td style=\"width: 26.44px; height: 24px; text-align: center;\">&nbsp;1<\/td>\n<td style=\"width: 13.68px; height: 24px; text-align: center;\">&nbsp;0<\/td>\n<\/tr>\n<tr style=\"height: 24px;\">\n<td style=\"width: 56.25px; height: 24px;\">Rouven Brans<\/td>\n<td style=\"width: 42.19px; height: 24px; text-align: center;\">&nbsp;1<\/td>\n<td style=\"width: 43.3px; height: 24px; text-align: center;\">&nbsp;1<\/td>\n<td style=\"width: 42.82px; height: 24px; text-align: center;\">&nbsp;1<\/td>\n<td style=\"width: 43.42px; height: 24px; text-align: center;\">x<\/td>\n<td style=\"width: 42.3px; height: 24px; text-align: center;\">&nbsp;1<\/td>\n<td style=\"width: 44.4px; height: 24px; text-align: center;\">&nbsp;1<\/td>\n<td style=\"width: 42.82px; height: 24px; text-align: center;\">&nbsp;0,5<\/td>\n<td style=\"width: 44.08px; height: 24px; text-align: center;\">&nbsp;1<\/td>\n<td style=\"width: 26.44px; height: 24px; text-align: center;\">&nbsp;1<\/td>\n<td style=\"width: 13.68px; height: 24px; text-align: center;\">&nbsp;1<\/td>\n<\/tr>\n<tr style=\"height: 24px;\">\n<td style=\"width: 56.25px; height: 24px;\">Jayden H\u00f6hn<\/td>\n<td style=\"width: 42.19px; height: 24px; text-align: center;\">&nbsp;0<\/td>\n<td style=\"width: 43.3px; height: 24px; text-align: center;\">0,5<\/td>\n<td style=\"width: 42.82px; height: 24px; text-align: center;\">&nbsp;1<\/td>\n<td style=\"width: 43.42px; height: 24px; text-align: center;\">&nbsp;0<\/td>\n<td style=\"width: 42.3px; height: 24px; text-align: center;\">x<\/td>\n<td style=\"width: 44.4px; height: 24px; text-align: center;\">&nbsp;1<\/td>\n<td style=\"width: 42.82px; height: 24px; text-align: center;\">&nbsp;0<\/td>\n<td style=\"width: 44.08px; height: 24px; text-align: center;\">&nbsp;0<\/td>\n<td style=\"width: 26.44px; height: 24px; text-align: center;\">&nbsp;0<\/td>\n<td style=\"width: 13.68px; height: 24px; text-align: center;\">&nbsp;0<\/td>\n<\/tr>\n<tr style=\"height: 24px;\">\n<td style=\"width: 56.25px; height: 24px;\">Liam Mehler<\/td>\n<td style=\"width: 42.19px; height: 24px;\">&nbsp;0,5<\/td>\n<td style=\"width: 43.3px; height: 24px; text-align: center;\">&nbsp;1<\/td>\n<td style=\"width: 42.82px; height: 24px; text-align: center;\">&nbsp;1<\/td>\n<td style=\"width: 43.42px; height: 24px; text-align: center;\">&nbsp;0<\/td>\n<td style=\"width: 42.3px; height: 24px; text-align: center;\">&nbsp;1<\/td>\n<td style=\"width: 44.4px; height: 24px; text-align: center;\">x<\/td>\n<td style=\"width: 42.82px; height: 24px; text-align: center;\">&nbsp;0,5<\/td>\n<td style=\"width: 44.08px; height: 24px; text-align: center;\">1<\/td>\n<td style=\"width: 26.44px; height: 24px; text-align: center;\">&nbsp;0,5<\/td>\n<td style=\"width: 13.68px; height: 24px;\">&nbsp;<\/td>\n<\/tr>\n<tr style=\"height: 24px;\">\n<td style=\"width: 56.25px; height: 24px;\">Ahmet Kozak<\/td>\n<td style=\"width: 42.19px; height: 24px; text-align: center;\">&nbsp;0<\/td>\n<td style=\"width: 43.3px; height: 24px; text-align: center;\">&nbsp;1<\/td>\n<td style=\"width: 42.82px; height: 24px; text-align: center;\">&nbsp;0<\/td>\n<td style=\"width: 43.42px; height: 24px;\">&nbsp;0,5<\/td>\n<td style=\"width: 42.3px; height: 24px; text-align: center;\">&nbsp;1<\/td>\n<td style=\"width: 44.4px; height: 24px; text-align: center;\">&nbsp;0,5<\/td>\n<td style=\"width: 42.82px; height: 24px; text-align: center;\">x<\/td>\n<td style=\"width: 44.08px; height: 24px; text-align: center;\">&nbsp;1<\/td>\n<td style=\"width: 26.44px; height: 24px; text-align: center;\">&nbsp;1<\/td>\n<td style=\"width: 13.68px; height: 24px; text-align: center;\">&nbsp;0<\/td>\n<\/tr>\n<tr style=\"height: 24px;\">\n<td style=\"width: 56.25px; height: 24px;\">Halil Kozak<\/td>\n<td style=\"width: 42.19px; height: 24px; text-align: center;\">&nbsp;1<\/td>\n<td style=\"width: 43.3px; height: 24px; text-align: center;\">&nbsp;1<\/td>\n<td style=\"width: 42.82px; height: 24px; text-align: center;\">&nbsp;1<\/td>\n<td style=\"width: 43.42px; height: 24px; text-align: center;\">&nbsp;0<\/td>\n<td style=\"width: 42.3px; height: 24px; text-align: center;\">&nbsp;1<\/td>\n<td style=\"width: 44.4px; height: 24px; text-align: center;\">&nbsp;0<\/td>\n<td style=\"width: 42.82px; height: 24px; text-align: center;\">&nbsp;0<\/td>\n<td style=\"width: 44.08px; height: 24px; text-align: center;\">x<\/td>\n<td style=\"width: 26.44px; height: 24px; text-align: center;\">&nbsp;0<\/td>\n<td style=\"width: 13.68px; height: 24px; text-align: center;\">&nbsp;0<\/td>\n<\/tr>\n<tr style=\"height: 24px;\">\n<td style=\"width: 56.25px; height: 24px;\">Faruk Ayar<\/td>\n<td style=\"width: 42.19px; height: 24px; text-align: center;\">&nbsp;0<\/td>\n<td style=\"width: 43.3px; height: 24px; text-align: center;\">&nbsp;1<\/td>\n<td style=\"width: 42.82px; height: 24px; text-align: center;\">&nbsp;0<\/td>\n<td style=\"width: 43.42px; height: 24px; text-align: center;\">&nbsp;0<\/td>\n<td style=\"width: 42.3px; height: 24px; text-align: center;\">&nbsp;0<\/td>\n<td style=\"width: 44.4px; height: 24px; text-align: center;\">&nbsp;0,5<\/td>\n<td style=\"width: 42.82px; height: 24px; text-align: center;\">&nbsp;0<\/td>\n<td style=\"width: 44.08px; height: 24px; text-align: center;\">&nbsp;1<\/td>\n<td style=\"width: 26.44px; height: 24px; text-align: center;\">x<\/td>\n<td style=\"width: 13.68px; height: 24px; text-align: center;\">&nbsp;1<\/td>\n<\/tr>\n<tr style=\"height: 24px;\">\n<td style=\"width: 56.25px; height: 24px;\">Yusuf Polat<\/td>\n<td style=\"width: 42.19px; height: 24px; text-align: center;\">&nbsp;0<\/td>\n<td style=\"width: 43.3px; height: 24px; text-align: center;\">&nbsp;1<\/td>\n<td style=\"width: 42.82px; height: 24px; text-align: center;\">&nbsp;1<\/td>\n<td style=\"width: 43.42px; height: 24px; text-align: center;\">&nbsp;0<\/td>\n<td style=\"width: 42.3px; height: 24px; text-align: center;\">&nbsp;1<\/td>\n<td style=\"width: 44.4px; height: 24px; text-align: center;\">&nbsp;0<\/td>\n<td style=\"width: 42.82px; height: 24px; text-align: center;\">&nbsp;1<\/td>\n<td style=\"width: 44.08px; height: 24px; text-align: center;\">&nbsp;1<\/td>\n<td style=\"width: 26.44px; height: 24px; text-align: center;\">0<\/td>\n<td style=\"width: 13.68px; height: 24px; text-align: center;\">x<\/td>\n<\/tr>\n<tr style=\"height: 24px;\">\n<td style=\"width: 56.25px; height: 24px;\">Runden<\/td>\n<td style=\"width: 42.19px; height: 24px;\">17.03.<\/td>\n<td style=\"width: 43.3px; height: 24px;\">21.04.<\/td>\n<td style=\"width: 42.82px; height: 24px;\">19.05.<\/td>\n<td style=\"width: 43.42px; height: 24px;\">16.06.<\/td>\n<td style=\"width: 42.3px; height: 24px;\">21.07.<\/td>\n<td style=\"width: 44.4px; height: 24px;\">18.08.<\/td>\n<td style=\"width: 42.82px; height: 24px;\">15.09.<\/td>\n<td style=\"width: 44.08px; height: 24px;\">20.10.<\/td>\n<td style=\"width: 26.44px; height: 24px;\">&nbsp;12.11<\/td>\n<td style=\"width: 13.68px; height: 24px;\">&nbsp;<\/td>\n<\/tr>\n<\/tbody>\n<\/table>\n<figure id=\"attachment_1073\" aria-describedby=\"caption-attachment-1073\" style=\"width: 300px\" class=\"wp-caption alignnone\"><a href=\"https:\/\/schwarzedameosterfeld.de\/wp-content\/uploads\/2017\/03\/SDC11982.jpg\"><img loading=\"lazy\" decoding=\"async\" class=\"wp-image-1073\" src=\"https:\/\/schwarzedameosterfeld.de\/wp-content\/uploads\/2017\/03\/SDC11982-300x225.jpg\" alt=\"\" width=\"300\" height=\"225\" srcset=\"https:\/\/schwarzedameosterfeld.de\/wp-content\/uploads\/2017\/03\/SDC11982-300x225.jpg 300w, https:\/\/schwarzedameosterfeld.de\/wp-content\/uploads\/2017\/03\/SDC11982-768x576.jpg 768w, https:\/\/schwarzedameosterfeld.de\/wp-content\/uploads\/2017\/03\/SDC11982-1024x768.jpg 1024w, https:\/\/schwarzedameosterfeld.de\/wp-content\/uploads\/2017\/03\/SDC11982-100x75.jpg 100w, https:\/\/schwarzedameosterfeld.de\/wp-content\/uploads\/2017\/03\/SDC11982-150x113.jpg 150w, https:\/\/schwarzedameosterfeld.de\/wp-content\/uploads\/2017\/03\/SDC11982-200x150.jpg 200w, https:\/\/schwarzedameosterfeld.de\/wp-content\/uploads\/2017\/03\/SDC11982-450x338.jpg 450w, https:\/\/schwarzedameosterfeld.de\/wp-content\/uploads\/2017\/03\/SDC11982-600x450.jpg 600w, https:\/\/schwarzedameosterfeld.de\/wp-content\/uploads\/2017\/03\/SDC11982-900x675.jpg 900w\" sizes=\"auto, (max-width: 300px) 100vw, 300px\" \/><\/a><figcaption id=\"caption-attachment-1073\" class=\"wp-caption-text\">Rouven Brans mit den wei\u00dfen Figuren gegen Florian Peters<\/figcaption><\/figure>\n","protected":false},"excerpt":{"rendered":"<p>Ausschreibung: Start am 17. 03 .2017, vollrundig. Ergo jeder gegen jeden. Zeit Modus: 30 Minuten pro Spieler! Anmeldungen bis zum 10. 03. 2017! Turnierleitung: Bruno Fiori Rouven Brans f\u00fchrt auch [&hellip;]<\/p>\n","protected":false},"author":2,"featured_media":0,"parent":0,"menu_order":0,"comment_status":"closed","ping_status":"closed","template":"","meta":{"ngg_post_thumbnail":0,"footnotes":""},"class_list":["post-1138","page","type-page","status-publish","hentry"],"_links":{"self":[{"href":"https:\/\/schwarzedameosterfeld.de\/index.php?rest_route=\/wp\/v2\/pages\/1138","targetHints":{"allow":["GET"]}}],"collection":[{"href":"https:\/\/schwarzedameosterfeld.de\/index.php?rest_route=\/wp\/v2\/pages"}],"about":[{"href":"https:\/\/schwarzedameosterfeld.de\/index.php?rest_route=\/wp\/v2\/types\/page"}],"author":[{"embeddable":true,"href":"https:\/\/schwarzedameosterfeld.de\/index.php?rest_route=\/wp\/v2\/users\/2"}],"replies":[{"embeddable":true,"href":"https:\/\/schwarzedameosterfeld.de\/index.php?rest_route=%2Fwp%2Fv2%2Fcomments&post=1138"}],"version-history":[{"count":0,"href":"https:\/\/schwarzedameosterfeld.de\/index.php?rest_route=\/wp\/v2\/pages\/1138\/revisions"}],"wp:attachment":[{"href":"https:\/\/schwarzedameosterfeld.de\/index.php?rest_route=%2Fwp%2Fv2%2Fmedia&parent=1138"}],"curies":[{"name":"wp","href":"https:\/\/api.w.org\/{rel}","templated":true}]}}